base 3, what is 22221200201200 + 12?
22221200201212
In base 10, what is -72479 - 3?
-72482
In base 6, what is -324043425 - -2?
-324043423
In base 5, what is -10 + 43300?
43240
In base 12, what is -365 - -116?
-24b
In base 16, what is 4 + -7079a?
-70796
In base 7, what is -12 + -216655?
-220000
In base 3, what is 21 - -101212220?
101220011
In base 12, what is -291887 - -5?
-291882
In base 16, what is -196 - 1d?
-1b3
In base 4, what is -130310 - 2022?
-132332
In base 10, what is -1 + 39309?
39308
In base 12, what is -3 - 511a2?
-511a5
In base 5, what is -2 + -302321010?
-302321012
In base 7, what is -62504 + 65?
-62406
In base 14, what is 28d - 1d7?
96
In base 10, what is 50075 + 12?
50087
In base 15, what is -4ed3 + 4?
-4ece
In base 5, what is -22430 + -11210?
-34140
In base 7, what is 5535401 + 2?
5535403
In base 11, what is 4 + 608141?
608145
In base 13, what is 50258 - 1?
50257
In base 9, what is 135780 + 4?
135784
In base 10, what is -7641 + -2?
-7643
In base 2, what is -111010 - 11101100101?
-11110011111
In base 9, what is -8 - -206?
187
In base 8, what is -10 + -20331?
-20341
In base 11, what is 1a7 + 233?
42a
In base 9, what is 15 + 45148?
45164
In base 14, what is 1c944 + 5?
1c949
In base 5, what is -2 + -302113424?
-302113431
In base 7, what is -12521 + -314?
-13135
In base 3, what is -2 + -222210?
-222212
In base 11, what is -802 - 2068?
-286a
In base 8, what is -261547 + 4?
-261543
In base 16, what is -3 - -5d81?
5d7e
In base 2, what is -10 + -10000010111101?
-10000010111111
In base 11, what is -4a + -12a?
-179
In base 10, what is -5 - 20841?
-20846
In base 7, what is 0 + 152430?
152430
In base 11, what is -a91952 + 3?
-a9194a
In base 2, what is 1111001100110 + 111?
1111001101101
In base 12, what is -49a + 3?
-497
In base 8, what is 2360 + 27?
2407
In base 16, what is 3 + 130f?
1312
In base 9, what is -5 - -7548?
7543
In base 7, what is 116 - 61303?
-61154
In base 11, what is 3 + 3196?
3199
In base 11, what is 25 - -7428?
7452
In base 8, what is 20 + 2407?
2427
In base 16, what is -5ab1 - -5?
-5aac
In base 9, what is -10 + -61104?
-61114
In base 11, what is 333798 + 4?
3337a1
In base 16, what is 1062a - -5?
1062f
In base 5, what is -1313 - 24?
-1342
In base 14, what is -21 + 2733?
2712
In base 7, what is -211 + -4345?
-4556
In base 6, what is -23010 + -441?
-23451
In base 14, what is -9 - 4755?
-4760
In base 6, what is -253042 + -2?
-253044
In base 2, what is 111100100 + 10101111111?
11101100011
In base 2, what is -1001001 - 110100000111010?
-110100010000011
In base 5, what is -1423 + 12202?
10224
In base 14, what is 1 + -42c31?
-42c30
In base 15, what is -3987a - -2?
-39878
In base 11, what is 109 - 16a5?
-1597
In base 7, what is -1 + 442406?
442405
In base 9, what is -8256 - -17?
-8238
In base 9, what is 113882 - 7?
113874
In base 7, what is 63001 + -136?
62532
In base 9, what is -18814 - 1?
-18815
In base 2, what is -111011101011 - -1111011110?
-101100001101
In base 2, what is 11 - -110011110111010?
110011110111101
In base 10, what is -117055 + 6?
-117049
In base 15, what is -2ac + 34?
-278
In base 15, what is 1c9e + 2?
1ca1
In base 11, what is 20809 + 3?
20811
In base 11, what is -a705 + -1?
-a706
In base 16, what is -3a06 - -1b2?
-3854
In base 4, what is -2 + -32303021?
-32303023
In base 11, what is 69 - -282?
340
In base 12, what is a8 - -2760?
2848
In base 15, what is d936 - 3?
d933
In base 11, what is 4 + -a25a?
-a256
In base 9, what is -3 + 721874?
721871
In base 3, what is -202200221110 + -20?
-202200221200
In base 3, what is 1001210000 + 12?
1001210012
In base 7, what is 1 - -26200?
26201
In base 6, what is 2 + 1124055?
1124101
In base 7, what is -1150 + 110640?
106460
In base 6, what is 2350330 - 5?
2350321
In base 2, what is 110111101011 - 11010?
110111010001
In base 6, what is 13202305 - 5?
13202300
In base 12, what is -58 + 4b0?
454
In base 11, what is -109811 - -1?
-109810
In base 14, what is -828 - a?
-834
In base 9, what is -6342 + -78?
-6431
In base 8, what is -13 - -1013014?
1013001
In base 15, what is 2711 - -12?
2723
In base 15, what is -3838 + -2?
-383a
In base 4, what is -12 - -33220323?
33220311
In base 8, what is 36 - 226472?
-226434
In base 6, what is 234524 + 5?
234533
In base 8, what is 107 + 3024?
3133
In base 2, what is 1010000 - -11011?
1101011
In base 3, what is -122112111121 - -2?
-122112111112
In base 7, what is -253 - 200?
-453
In base 6, what is -10552402 - 0?
-10552402
In base 15, what is 2 - 3477?
-3475
In base 10, what is 18702 + 6?
18708
In base 3, what is -110 + 2012210212?
2012210102
In base 4, what is -33 + 102311332?
102311233
In base 6, what is -511 - 3143?
-4054
In base 3, what is 10200 + 22101200?
22112100
In base 16, what is -2 + -a5c0?
-a5c2
In base 3, what is 111 - -102202020?
102202201
In base 13, what is -3 - 17472?
-17475
In base 6, what is -425234 + 1?
-425233
In base 3, what is 102112002111 + 0?
102112002111
In base 4, what is -132312221 + -130?
-132313011
In base 15, what is -191 + 64?
-12c
In base 9, what is 0 - 1113?
-1113
In base 14, what is 13d + b3?
212
In base 11, what is 5887 - 2a?
5858
In base 2, what is 100011011001011 + 1?
100011011001100
In base 3, what is -1010 - -200010?
122000
In base 11, what is -297 + -402?
-699
In base 12, what is 66b - 28?
643
In base 8, what is 32 + -43?
-11
In base 15, what is 1 + 30b43?
30b44
In base 11, what is 4 - 166883?
-16687a
In base 10, what is 1 - -108744?
108745
In base 3, what is -112000111 + 10?
-112000101
In base 5, what is -1 + -403141?
-403142
In base 9, what is -1555 + 4165?
2510
In base 16, what is -da9 - 1b?
-dc4
In base 4, what is 11 + 2113132302?
2113132313
In base 8, what is 3 - -216762?
216765
In base 7, what is 13 + 13564?
13610
In base 5, what is 21100 + 132?
21232
In base 9, what is 5 - -188088?
188104
In base 10, what is 1494893 + 1?
1494894
In base 6, what is 135130425 + 2?
135130431
In base 3, what is -11 + -121111220000?
-121111220011
In base 15, what is -a71c + 2?
-a71a
In base 2, what is -100 - -11010101101100111?
11010101101100011
In base 7, what is -4006 + -21?
-4030
In base 2, what is 101111110 + 1000000?
110111110
In base 15, what is -4 + -9a8b?
-9a90
In base 12, what is 460 - -120?
580
In base 12, what is 10 - 6b1a2?
-6b192
In base 16, what is 2b18 + 0?
2b18
In base 5, what is -104342132 - 3?
-104342140
In base 7, what is -5 - -4034006?
4034001
In base 12, what is 1 + 575a?
575b
In base 11, what is -19 - a913?
-a931
In base 2, what is 11 + 1001000000010?
1001000000101
In base 8, what is -7326773 + 4?
-7326767
In base 2, what is -1100110 + -110001011?
-111110001
In base 3, what is 110 + -100200?
-100020
In base 12, what is 132 - 1a1ab?
-1a079
In base 6, what is 345 + -430254?
-425505
In base 11, what is 677950 + -4?
677947
In base 6, what is -34523 + -2?
-34525
In base 15, what is 12 + -9882?
-9870
In base 10, what is 2704 - 0?
2704
In base 7, what is -650205 + 13?
-650162
In base 6, what is 5 - 445344?
-445335
In base 10, what is 3 - 11216?
-11213
In base 15, what is -5 - 4e9?
-4ee
In base 14, what is -5 - 6291?
-6296
In base 5, what is -212 + -20?
-232
In base 9, what is 58 + -151?
-82
In base 11, what is -3 + 142260?
142258
In base 15, what is -4 + 17713?
1770e
In base 3, what is 1112222000 + 1?
1112222001
In base 5, what is -33431 - 34?
-34020
In base 6, what is -24023551 + 10?
-24023541
In base 5, what is 4141 - 12040?
-2344
In base 13, what is 2c - -10c?
13b
In base 10, what is 15 + 10240?
10255
In base 3, what is 201011 - 101021?
22220
In base 6, what is -3 + 101313?
101310
In base 9, what is 143 + -68358?
-68215
In base 10, what is 116964 - -1?
116965
In base 9, what is 0 + -12881?
-12881
In base 8, what is 4 - 1456542?
-1456536
In base 3, what is -100221200 + -11?
-100221211
In base 11, what is 27386 - -3?
27389
In base 11, what is -6 + 10910?
10905
In base 6, what is -224 - 4250?
-4514
In base 2, what is -1001001101 + 1000?
-1001000101
In base 6, what is -5533 + -53?
-10030
In base 6, what is 15413 + -4?
15405
In base 13, what is 9 - 8c4?
-8b8
In base 8, what is 10521 - -150?
10671
In base 10, what is 5 + 10686?
10691
In base 8, what is 0 + -37000?
-37000
In base 11, what is 11004 - -18?
11021
In base 15, what is 7e41 - 2?
7e3e
In base 15, what is 3 + 88dc9?
88dcc
In base 10, what is -34605 -